vided by 9218?
9208
Calculate the remainder when 711027 is divided by 758.
23
Calculate the remainder when 32311443 is divided by 14959.
3
Calculate the remainder when 4275557 is divided by 126.
125
What is the remainder when 4223306 is divided by 469255?
11
What is the remainder when 3587977 is divided by 3587971?
6
What is the remainder when 298357 is divided by 192?
181
Calculate the remainder when 2345554 is divided by 321.
7
What is the remainder when 2710847 is divided by 338847?
71
Calculate the remainder when 355856154 is divided by 1153.
1152
What is the remainder when 115171998 is divided by 800?
798
Calculate the remainder when 508220 is divided by 1969.
218
What is the remainder when 92298981 is divided by 12?
9
Calculate the remainder when 4024338 is divided by 4136.
10
What is the remainder when 137291 is divided by 34254?
275
What is the remainder when 159725 is divided by 2442?
995
What is the remainder when 6894270 is divided by 574521?
18
Calculate the remainder when 53992729 is divided by 213.
211
What is the remainder when 17503 is divided by 5634?
601
What is the remainder when 75311 is divided by 173?
56
Calculate the remainder when 21406953 is divided by 105.
78
What is the remainder when 1326080 is divided by 102004?
28
What is the remainder when 2334637 is divided by 29930?
97
What is the remainder when 436055502 is divided by 11004?
10998
Calculate the remainder when 305187 is divided by 366.
309
What is the remainder when 182325 is divided by 8113?
3839
What is the remainder when 10658 is divided by 2859?
2081
What is the remainder when 3509113 is divided by 33?
25
What is the remainder when 10460000 is divided by 1743333?
2
Calculate the remainder when 30481455 is divided by 5080242.
3
What is the remainder when 1532435 is divided by 766202?
31
Calculate the remainder when 553534556 is divided by 9904.
9900
What is the remainder when 11470229 is divided by 712?
621
Calculate the remainder when 24818 is divided by 1505.
738
What is the remainder when 15354 is divided by 626?
330
Calculate the remainder when 46604637 is divided by 1113.
1101
Calculate the remainder when 525314 is divided by 262649.
16
Calculate the remainder when 31222805 is divided by 43.
32
What is the remainder when 26130995 is divided by 8667?
8657
Calculate the remainder when 7716644 is divided by 113.
100
What is the remainder when 19124181 is divided by 1463?
1308
What is the remainder when 1475137 is divided by 474?
49
What is the remainder when 306361 is divided by 4318?
4101
Calculate the remainder when 153064 is divided by 30587.
129
What is the remainder when 1156731 is divided by 577909?
913
Calculate the remainder when 13669929 is divided by 7943.
26
What is the remainder when 1596940 is divided by 1407?
1402
What is the remainder when 5058934 is divided by 1011774?
64
Calculate the remainder when 81106636 is divided by 20754.
4
Calculate the remainder when 192386 is divided by 2556.
686
What is the remainder when 45947851 is divided by 2?
1
Calculate the remainder when 1291208 is divided by 701.
667
What is the remainder when 3002070 is divided by 7376?
38
Calculate the remainder when 220141 is divided by 94.
87
What is the remainder when 6167609 is divided by 4?
1
What is the remainder when 5010860 is divided by 135428?
24
Calculate the remainder when 62038130 is divided by 15611.
16
What is the remainder when 1590887583 is divided by 1138?
1137
Calculate the remainder when 84616 is divided by 110.
26
What is the remainder when 262504 is divided by 131194?
116
What is the remainder when 121638 is divided by 328?
278
What is the remainder when 4544898 is divided by 1395?
1383
What is the remainder when 35163 is divided by 11675?
138
What is the remainder when 116130515 is divided by 207?
203
Calculate the remainder when 249122 is divided by 4031.
3231
Calculate the remainder when 1731181 is divided by 86535.
481
What is the remainder when 52876 is divided by 756?
712
What is the remainder when 14063824 is divided by 4687940?
4
What is the remainder when 168860415 is divided by 4493?
4489
What is the remainder when 242674 is divided by 119219?
4236
What is the remainder when 1052408 is divided by 28?
0
Calculate the remainder when 419193 is divided by 59202.
4779
Calculate the remainder when 252866 is divided by 84016.
818
What is the remainder when 78989 is divided by 2648?
2197
What is the remainder when 512899 is divided by 1816?
787
What is the remainder when 136193 is divided by 135660?
533
Calculate the remainder when 214686 is divided by 1210.
516
What is the remainder when 150592370 is divided by 46?
8
What is the remainder when 7008253 is divided by 3572?
3561
What is the remainder when 101693 is divided by 2908?
2821
What is the remainder when 5937820 is divided by 989579?
346
What is the remainder when 5435426 is divided by 330?
326
Calculate the remainder when 146799213 is divided by 162.
159
Calculate the remainder when 319774 is divided by 4026.
1720
Calculate the remainder when 23911 is divided by 3093.
2260
Calculate the remainder when 4370412 is divided by 728392.
60
Calculate the remainder when 3348654 is divided by 4839.
66
Calculate the remainder when 32208551 is divided by 43643.
17
What is the remainder when 1595449 is divided by 429?
427
Calculate the remainder when 8470689 is divided by 79.
72
Calculate the remainder when 10907386 is divided by 316.
14
What is the remainder when 598150 is divided by 42604?
1694
Calculate the remainder when 24879 is divided by 2949.
1287
What is the remainder when 4481 is divided by 1483?
32
Calculate the remainder when 88148 is divided by 1119.
866
What is the remainder when 9968 is divided by 1260?
1148
What is the remainder when 595486 is divided by 19179?
937
Calculate the remainder when 1135998 is divided by 32456.
38
Calculate the remainder when 82924376 is divided by 763.
10
What is the remainder when 694584 is divided by 86820?
24
What is the remainder when 768985 is divided by 69871?
404
Calculate the remainder when 16674 is divided by 1865.
1754
Calculate the remainder when 74382 is divided by 2544.
606
What is the remainder when 558561 is divided by 732?
45
Calculate the remainder when 174904479 is divided by 248.
247
Calculate the remainder when 509053 is divided by 331.
306
Calculate the remainder when 1543505 is divided by 344.
321
Calculate the remainder when 101429 is divided by 404.
25
Calculate the remainder when 190628 is divided by 53.
40
Calculate the remainder when 17888532 is divided by 9.
6
What is the remainder when 34242373 is divided by 605?
583
Calculate the remainder when 2303674 is divided by 157.
13
What is the remainder when 25923109 is divided by 41?
39
Calculate the remainder when 3217569 is divided by 314.
11
Calculate the remainder when 37965369 is divided by 524.
521
What is the remainder when 40737125 is divided by 68?
25
Calculate the remainder when 287626830 is divided by 117.
114
What is the remainder when 19826585 is divided by 348?
329
What is the remainder when 3541465 is divided by 713?
707
What is the remainder when 10729 is divided by 893?
13
Calculate the remainder when 283113 is divided by 2932.
1641
Calculate the remainder when 553656 is divided by 351.
129
What is the remainder when 116362 is divided by 236?
14
What is the remainder when 24929 is divided by 12335?
259
Calculate the remainder when 33140681 is divided by 29.
3
What is the remainder when 699924 is divided by 8743?
484
Calculate the remainder when 19616 is divided by 201.
119
Calculate the remainder when 226087 is divided by 7596.
5803
What is the remainder when 901850 is divided by 329?
61
Calculate the remainder when 1450040 is divided by 724899.
242
What is the remainder when 4169594 is divided by 13?
0
What is the remainder when 3744390 is divided by 28583?
17
What is the remainder when 31396619 is divided by 426?
419
What is the remainder when 354338 is divided by 6316?
642
Calculate the remainder when 6936382 is divided by 3412.
3198
Calculate the remainder when 69153978 is divided by 21357.
12
Calculate the remainder when 274415 is divided by 3920.
15
What is the remainder when 127041 is divided by 63475?
91
What is the remainder when 1433398 is divided by 